{"id":321,"date":"2019-01-06T18:18:56","date_gmt":"2019-01-06T17:18:56","guid":{"rendered":"http:\/\/fcp-formation.fr\/?page_id=321"},"modified":"2019-01-06T18:19:05","modified_gmt":"2019-01-06T17:19:05","slug":"mentions-legales","status":"publish","type":"page","link":"https:\/\/fcp-formation.fr\/index.php\/mentions-legales\/","title":{"rendered":"Mentions l\u00e9gales"},"content":{"rendered":"<p>[et_pb_section fb_built=&#8221;1&#8243; _builder_version=&#8221;3.19.3&#8243;][et_pb_row _builder_version=&#8221;3.19.3&#8243;][et_pb_column type=&#8221;4_4&#8243; _builder_version=&#8221;3.19.3&#8243; parallax=&#8221;off&#8221; parallax_method=&#8221;on&#8221;][et_pb_text _builder_version=&#8221;3.19.3&#8243;]<\/p>\n<p style=\"text-align: justify;\"><strong>MENTIONS L\u00c9GALES<\/strong><span style=\"font-weight: 400;\"><br \/><\/span><span style=\"font-weight: 400;\"><br \/><\/span><span style=\"font-weight: 400;\">Les informations fournies dans ce site ne sont pas contractuelles et ne sauraient engager la soci\u00e9t\u00e9 FCP- Formation Centr\u00e9e sur la Personne.<\/span><span style=\"font-weight: 400;\"><br \/><\/span><span style=\"font-weight: 400;\"><br \/><\/span><span style=\"font-weight: 400;\">FCP- Formation Centr\u00e9e sur la Personne<\/span><span style=\"font-weight: 400;\"><br \/><\/span><span style=\"font-weight: 400;\"><br \/><\/span><span style=\"font-weight: 400;\">EURL au capital de 2 000\u20ac<\/span><span style=\"font-weight: 400;\"><br \/><\/span><span style=\"font-weight: 400;\">G\u00e9r\u00e9e par Sandrine Delval<\/span><span style=\"font-weight: 400;\"><br \/><\/span><span style=\"font-weight: 400;\">88 Boulevard Ney Boite 28 75018 Paris<\/span><span style=\"font-weight: 400;\"><br \/><\/span><span style=\"font-weight: 400;\">T\u00e9l : 01 42 54 78 61 <\/span><span style=\"font-weight: 400;\">\u2013 contact@fcp-formation.fr<\/span><span style=\"font-weight: 400;\"><br \/><\/span><span style=\"font-weight: 400;\">Siret : 75399324500012 \u2013 Code APE : 8559A<\/span><span style=\"font-weight: 400;\"><br \/><\/span><span style=\"font-weight: 400;\">Enregistr\u00e9e sous le num\u00e9ro 11754937075. Cet enregistrement ne vaut pas agr\u00e9ment de l\u2019Etat<\/span><span style=\"font-weight: 400;\"><br \/><\/span><span style=\"font-weight: 400;\">R\u00e9f\u00e9ren\u00e7able sur Datadock depuis 2017<\/span><span style=\"font-weight: 400;\"><br \/><\/span><span style=\"font-weight: 400;\"><br \/><\/span><span style=\"font-weight: 400;\">Site h\u00e9berg\u00e9 par : <\/span><span style=\"font-weight: 400;\"><br \/><\/span><span style=\"font-weight: 400;\"><\/span><span style=\"font-weight: 400;\"><\/span><span style=\"font-weight: 400;\"><br \/><\/span><span style=\"font-weight: 400;\">Soci\u00e9t\u00e9 OVH<\/span><span style=\"font-weight: 400;\"><br \/><\/span><span style=\"font-weight: 400;\">140 Quai du Sartel &#8211; 59100 Roubaix \u2013 France, T\u00e9l\u00e9phone : 08 20 69 87 65<\/span><span style=\"font-weight: 400;\"><br \/><\/span><span style=\"font-weight: 400;\"><br \/><\/span><span style=\"font-weight: 400;\">Site \u00e9dit\u00e9 par :<\/span><span style=\"font-weight: 400;\"><br \/><\/span><span style=\"font-weight: 400;\">FCP- Formation Centr\u00e9e sur la Personne<\/span><span style=\"font-weight: 400;\"><br \/><\/span><span style=\"font-weight: 400;\">Propri\u00e9t\u00e9 intellectuelle et marques<\/span><span style=\"font-weight: 400;\"><br \/><\/span><span style=\"font-weight: 400;\"><br \/><\/span><span style=\"font-weight: 400;\"><br \/><\/span><span style=\"font-weight: 400;\">Tous les \u00e9l\u00e9ments de ce site Web (textes, graphismes, logos \u2026) sont la propri\u00e9t\u00e9 de FCP-Formation Centr\u00e9e sur la Personne et sont prot\u00e9g\u00e9s \u00e0 ce titre par la l\u00e9gislation relative aux droits de propri\u00e9t\u00e9 intellectuelle et aux bases de donn\u00e9es. L\u2019internaute ne peut en aucun cas utiliser, distribuer, copier, reproduire, modifier, d\u00e9naturer ou transmettre les \u00e9l\u00e9ments du site sans l&#8217;autorisation \u00e9crite et pr\u00e9alable de FCP ou des titulaires des droits. Le non-respect de cette interdiction peut constituer une contrefa\u00e7on des droits de propri\u00e9t\u00e9 intellectuelle et peut \u00e0 ce titre engager votre responsabilit\u00e9, y compris dans le cadre d&#8217;une action p\u00e9nale. <\/span><span style=\"font-weight: 400;\"><br \/><\/span><span style=\"font-weight: 400;\"><br \/><\/span><span style=\"font-weight: 400;\">Protection des donn\u00e9es personnelles :<\/span><span style=\"font-weight: 400;\"><br \/><\/span><span style=\"font-weight: 400;\"><br \/><\/span><span style=\"font-weight: 400;\">Aucune information personnelle n&#8217;est collect\u00e9e \u00e0 votre insu. Aucune information personnelle n&#8217;est c\u00e9d\u00e9e \u00e0 des tiers.<\/span><span style=\"font-weight: 400;\"><br \/><\/span><span style=\"font-weight: 400;\"><br \/><\/span><span style=\"font-weight: 400;\">Num\u00e9ro de d\u00e9claration CNIL :\u00a0<\/span><span style=\"font-weight: 400;\">1789257<\/span><span style=\"font-weight: 400;\"><br \/><\/span><span style=\"font-weight: 400;\"><br \/><\/span><span style=\"font-weight: 400;\">Informations publi\u00e9es sur le site :<\/span><span style=\"font-weight: 400;\"><br \/><\/span><span style=\"font-weight: 400;\"><br \/><\/span><span style=\"font-weight: 400;\">Les informations fournies sur le site www.fcp-formation.fr le sont \u00e0 titre informatif. FCP ne saurait garantir l&#8217;exactitude, la compl\u00e9tude, l&#8217;actualit\u00e9 des informations diffus\u00e9es sur le site. FCP met tout en \u0153uvre pour assurer la disponibilit\u00e9 et la validit\u00e9 des informations et des outils de ce site Web, mais ne saurait \u00eatre tenu pour responsable des erreurs, des omissions et d&#8217;une absence de disponibilit\u00e9 des informations et des services. En cons\u00e9quence, l&#8217;internaute reconna\u00eet utiliser ces informations sous sa responsabilit\u00e9. D\u2019une mani\u00e8re g\u00e9n\u00e9rale, FCP ne pourra \u00eatre tenu responsable de tous les dommages directs ou indirects r\u00e9sultant de l\u2019utilisation du site www.fcp-formation.fr ou d&#8217;autres sites qui lui sont li\u00e9s. FCP ne contr\u00f4lant pas les sites ext\u00e9rieurs ayant un lien hypertexte avec son site, notre soci\u00e9t\u00e9 d\u00e9cline toute responsabilit\u00e9 quant \u00e0 leur contenu. L\u2019internaute est seul responsable de leur utilisation.<\/span><\/p>\n<p>[\/et_pb_text][\/et_pb_column][\/et_pb_row][\/et_pb_section]<\/p>\n","protected":false},"excerpt":{"rendered":"<p>MENTIONS L\u00c9GALESLes informations fournies dans ce site ne sont pas contractuelles et ne sauraient engager la soci\u00e9t\u00e9 FCP- Formation Centr\u00e9e sur la Personne.FCP- Formation Centr\u00e9e sur la PersonneEURL au capital de 2 000\u20acG\u00e9r\u00e9e par Sandrine Delval88 Boulevard Ney Boite 28 75018 ParisT\u00e9l : 01 42 54 78 61 \u2013 contact@fcp-formation.frSiret : 75399324500012 \u2013 Code APE [&hellip;]<\/p>\n","protected":false},"author":1,"featured_media":0,"parent":0,"menu_order":0,"comment_status":"closed","ping_status":"closed","template":"","meta":{"_et_pb_use_builder":"on","_et_pb_old_content":"","_et_gb_content_width":""},"_links":{"self":[{"href":"https:\/\/fcp-formation.fr\/index.php\/wp-json\/wp\/v2\/pages\/321"}],"collection":[{"href":"https:\/\/fcp-formation.fr\/index.php\/wp-json\/wp\/v2\/pages"}],"about":[{"href":"https:\/\/fcp-formation.fr\/index.php\/wp-json\/wp\/v2\/types\/page"}],"author":[{"embeddable":true,"href":"https:\/\/fcp-formation.fr\/index.php\/wp-json\/wp\/v2\/users\/1"}],"replies":[{"embeddable":true,"href":"https:\/\/fcp-formation.fr\/index.php\/wp-json\/wp\/v2\/comments?post=321"}],"version-history":[{"count":3,"href":"https:\/\/fcp-formation.fr\/index.php\/wp-json\/wp\/v2\/pages\/321\/revisions"}],"predecessor-version":[{"id":326,"href":"https:\/\/fcp-formation.fr\/index.php\/wp-json\/wp\/v2\/pages\/321\/revisions\/326"}],"wp:attachment":[{"href":"https:\/\/fcp-formation.fr\/index.php\/wp-json\/wp\/v2\/media?parent=321"}],"curies":[{"name":"wp","href":"https:\/\/api.w.org\/{rel}","templated":true}]}}